54.
26
Calculate the remainder when 575 is divided by 483.
92
Calculate the remainder when 209272 is divided by 30.
22
What is the remainder when 8957 is divided by 290?
257
Calculate the remainder when 46110 is divided by 369.
354
What is the remainder when 119179 is divided by 57?
49
Calculate the remainder when 64673 is divided by 19.
16
Calculate the remainder when 3210 is divided by 230.
220
Calculate the remainder when 7188 is divided by 1436.
8
What is the remainder when 23875 is divided by 1975?
175
What is the remainder when 9732 is divided by 727?
281
Calculate the remainder when 5201 is divided by 186.
179
What is the remainder when 2304 is divided by 373?
66
What is the remainder when 1481 is divided by 184?
9
What is the remainder when 21691 is divided by 1083?
31
What is the remainder when 332 is divided by 29?
13
Calculate the remainder when 27573 is divided by 291.
219
What is the remainder when 69445 is divided by 13887?
10
What is the remainder when 131285 is divided by 10?
5
Calculate the remainder when 14383 is divided by 58.
57
What is the remainder when 1576 is divided by 38?
18
What is the remainder when 73953 is divided by 58?
3
Calculate the remainder when 218072 is divided by 54515.
12
What is the remainder when 596 is divided by 576?
20
What is the remainder when 18207 is divided by 22?
13
Calculate the remainder when 62382 is divided by 187.
111
Calculate the remainder when 758974 is divided by 1416.
1414
Calculate the remainder when 34961 is divided by 34925.
36
Calculate the remainder when 34749 is divided by 105.
99
What is the remainder when 3653 is divided by 34?
15
What is the remainder when 12706 is divided by 31?
27
Calculate the remainder when 99306 is divided by 406.
242
What is the remainder when 180071 is divided by 525?
521
What is the remainder when 4427 is divided by 446?
413
What is the remainder when 7980 is divided by 140?
0
What is the remainder when 11655 is divided by 87?
84
Calculate the remainder when 8262 is divided by 29.
26
What is the remainder when 16159 is divided by 3566?
1895
What is the remainder when 1093 is divided by 215?
18
What is the remainder when 1734 is divided by 6?
0
What is the remainder when 80038 is divided by 5335?
13
Calculate the remainder when 51763 is divided by 87.
85
Calculate the remainder when 248614 is divided by 322.
30
Calculate the remainder when 34680 is divided by 3831.
201
Calculate the remainder when 6688 is divided by 1197.
703
Calculate the remainder when 20322 is divided by 34.
24
What is the remainder when 284533 is divided by 226?
225
Calculate the remainder when 98706 is divided by 7.
6
What is the remainder when 33990 is divided by 33988?
2
What is the remainder when 24451 is divided by 371?
336
Calculate the remainder when 3339 is divided by 1325.
689
What is the remainder when 1015 is divided by 537?
478
Calculate the remainder when 34502 is divided by 8623.
10
What is the remainder when 1148 is divided by 96?
92
Calculate the remainder when 337640 is divided by 12058.
16
What is the remainder when 9920 is divided by 430?
30
Calculate the remainder when 24613 is divided by 282.
79
Calculate the remainder when 3967 is divided by 41.
31
What is the remainder when 1191 is divided by 903?
288
What is the remainder when 84003 is divided by 5992?
115
What is the remainder when 146914 is divided by 36?
34
Calculate the remainder when 1149 is divided by 34.
27
Calculate the remainder when 2097 is divided by 54.
45
Calculate the remainder when 42267 is divided by 445.
437
Calculate the remainder when 2845 is divided by 307.
82
Calculate the remainder when 194698 is divided by 4.
2
What is the remainder when 6065 is divided by 59?
47
Calculate the remainder when 69664 is divided by 104.
88
What is the remainder when 2234369 is divided by 355?
354
Calculate the remainder when 26526 is divided by 12.
6
What is the remainder when 155758 is divided by 38938?
6
What is the remainder when 6689 is divided by 176?
1
Calculate the remainder when 2379 is divided by 989.
401
Calculate the remainder when 23984 is divided by 15.
14
What is the remainder when 8781 is divided by 516?
9
Calculate the remainder when 5691 is divided by 83.
47
Calculate the remainder when 53309 is divided by 196.
193
What is the remainder when 45234 is divided by 86?
84
What is the remainder when 11146 is divided by 263?
100
Calculate the remainder when 141784 is divided by 15753.
7
Calculate the remainder when 4067733 is divided by 11.
10
Calculate the remainder when 384579 is divided by 33.
30
What is the remainder when 16054 is divided by 70?
24
Calculate the remainder when 53125 is divided by 10.
5
What is the remainder when 2833621 is divided by 507?
505
What is the remainder when 949 is divided by 925?
24
What is the remainder when 12662 is divided by 968?
78
What is the remainder when 24864 is divided by 1557?
1509
What is the remainder when 66630 is divided by 399?
396
What is the remainder when 2958 is divided by 725?
58
What is the remainder when 33835 is divided by 11247?
94
What is the remainder when 24568 is divided by 702?
700
What is the remainder when 334664 is divided by 24?
8
What is the remainder when 85840 is divided by 171?
169
What is the remainder when 29758 is divided by 929?
30
Calculate the remainder when 5324705 is divided by 916.
913
Calculate the remainder when 75075 is divided by 49.
7
Calculate the remainder when 2502 is divided by 36.
18
What is the remainder when 6178122 is divided by 2059373?
3
Calculate the remainder when 4800 is divided by 34.
6
Calculate the remainder when 6022 is divided by 42.
16
What is the remainder when 299819 is divided by 570?
569
Calculate the remainder when 19727 is divided by 2167.
224
What is the remainder when 571233 is divided by 789?
786
What is the remainder when 5402 is divided by 14?
12
Calculate the remainder when 2165 is divided by 675.
140
Calculate the remainder when 482056 is divided by 339.
337
What is the remainder when 4534 is divided by 292?
154
Calculate the remainder when 111528 is divided by 4.
0
Calculate the remainder when 18818 is divided by 59.
56
What is the remainder when 185140 is divided by 1150?
1140
What is the remainder when 47675 is divided by 458?
43
Calculate the remainder when 17182 is divided by 1070.
62
Calculate the remainder when 71920 is divided by 666.
658
Calculate the remainder when 1838 is divided by 1838.
0
Calculate the remainder when 186346 is divided by 25.
21
Calculate the remainder when 27057 is divided by 2048.
433
Calculate the remainder when 1077 is divided by 143.
76
What is the remainder when 300048 is divided by 299985?
63
Calculate the remainder when 230 is divided by 137.
93
What is the remainder when 7078 is divided by 647?
608
What is the remainder when 39833 is divided by 19881?
71
Calculate the remainder when 678 is divided by 216.
30
Calculate the remainder when 142093 is divided by 26.
3
What is the remainder when 4298 is divided by 13?
8
Calculate the remainder when 34933 is divided by 5822.
1
What is the remainder when 43241 is divided by 1006?
989
Calculate the remainder when 9365 is divided by 666.
41
Calculate the remainder when 4411 is divided by 218.
51
What is the remainder when 78775 is divided by 39387?
1
Calculate the remainder when 8487 is divided by 2118.
15
Calculate the remainder when 2348 is divided by 276.
140
What is the remainder when 46105 is divided by 145?
140
What is the remainder when 8101 is divided by 669?
73
What is the remainder when 8965 is divided by 85?
40
What is the remainder when 216424 is divided by 18035?
4
Calculate the remainder when 234379 is divided by 87.
1
Calculate the remainder when 8968 is divided by 88.
80
Calculate the remainder when 1767 is divided by 178.
165
Calculate the remainder when 147839 is divided by 66.
65
Calculate the remainder when 351 is divided by 175.
1
What is the remainder when 1148855 is divided by 138?
5
Calculate the remainder when 14287 is divided by 493.
483
What is the remainder when 177626 is divided by 2650?
76
What is the remainder when 116917 is divided by 774?
43
Calculate the remainder when 1332 is divided by 1232.
100
Calculate the remainder when 16013 is divided by 34.
33
What is th